t c be m(-8). Suppose -3*o + c = 2*o. Suppose 3 + 5 = o*w. Calculate y(w).
4
Suppose 0 = b - 2*b + 2. Let g(j) = -j**3 - 1 + 2*j**2 - 4*j - 5 - 9 + 17. Give g(b).
-6
Let h(j) = -4*j + 1. Suppose 4 = 2*a - 0. Suppose -3*k = -a - 1. Give h(k).
-3
Let m(k) = 10*k**2 - 4*k + 10*k**2 - 34*k**2 + 13*k**2. Let o be (-1 - 2)*(2 - 1). What is m(o)?
3
Let n(u) be the first derivative of -u**5/40 - u**4/12 - 4*u**3/3 - 2. Let d(m) be the third derivative of n(m). Give d(-2).
4
Suppose 10 = 2*r + 3*c, -2*r + 5*c = 4 + 18. Let l(v) = 4*v**2 - 9*v + 10*v + v**2. Determine l(r).
4
Let d(a) be the third derivative of a**4/12 + a**2. Let i(h) = -2*h + 10. Let x be i(9). Let y = x + 5. Calculate d(y).
-6
Let q(l) = -2*l - 11 + 3*l - 2*l - 1. Determine q(-5).
-7
Let y(w) be the third derivative of -w**6/120 - 7*w**5/60 - w**4/6 + 4*w**3/3 - 3*w**2. Let g be y(-6). Let o(n) = 2*n - 2. What is o(g)?
-10
Let l(z) be the third derivative of -z**6/180 - z**5/120 + z**4/12 - 2*z**3/3 + z**2. Let o(m) be the first derivative of l(m). Give o(2).
-8
Suppose 3 = -b + 2*m, 0*b - 2*b + 2*m = 0. Suppose g - 4*x = -3 - 2, -4*g + 55 = -x. Suppose 0 = -b*o - 0 + g. Let y(s) = s + 1. Calculate y(o).
6
Let u(b) = 5*b**3 + b**2 + b - 1. Let n be u(1). Let x be (3/n)/(-1)*10. Let l(w) = w**3 + 4*w**2 - 4*w + 3. Give l(x).
-2
Let n(l) = 6*l**3 - l**2 + 1. Let f be n(-1). Let a(m) = 2*m**3 + 3*m**2 - 5. Let y(u) = 2*u**3 + 2*u**2 - 4. Let v(z) = f*y(z) + 5*a(z). What is v(2)?
-5
Let k be (-4)/((4/8 + 0)*2). Let x(i) = -i**3 - 3*i**2 + 2*i + 3. Calculate x(k).
11
Let n = 15 + -8. Let r(t) = t**3 - 6*t**2 - 7*t + 5. Determine r(n).
5
Let m(q) be the first derivative of -q**2 - q + 1. Give m(-3).
5
Suppose -2*v = 3 - 11. Suppose 0*l - l = -o - 4, -v*o - 5*l = 25. Let x = o - -7. Let t(a) = -a**3 + 2*a**2 - 2*a + 3. Calculate t(x).
-1
Let v(r) be the second derivative of -r**4/12 + r**3/2 - 5*r**2/2 + 9*r. Give v(4).
-9
Let r(d) = -15*d**2 + 12*d**2 - 3*d + 2*d**2. What is r(-4)?
-4
Let p(y) = -y. Let v(f) = -f - 5. Let q(l) = -p(l) - v(l). Let x be q(-5). Let u(w) be the third derivative of -w**5/60 - w**4/4 - w**3 - w**2. Calculate u(x).
-1
Suppose -c = 5*p - 33, 0 = -5*c - 7*p + 4*p + 55. Let z(l) = l - 10. Calculate z(c).
-2
Let s(l) be the third derivative of l**6/120 + l**5/30 - l**3/6 + l**2. Suppose -18 = -h + 3*h. Let g be (2/6)/((-3)/h). What is s(g)?
2
Let r(t) = 3*t - 14. Let i be r(5). Let s(y) = -5*y**3 + 2*y**2 - 1. What is s(i)?
-4
Let m(v) be the third derivative of v**6/120 + 7*v**5/60 - 5*v**4/12 - 2*v**3 + 52*v**2. Give m(-8).
4
Let o(x) be the third derivative of -1/24*x**4 - 1/3*x**3 + 0 + 0*x + 9*x**2. Calculate o(-6).
4
Let c(a) be the first derivative of -a**4/4 - 4*a**3/3 + a**2/2 - 2*a + 3. What is c(-4)?
-6
Let g(u) = 5*u + 6. Let y(o) = 4*o + 5. Let d(a) = 3*g(a) - 4*y(a). Give d(-2).
0
Let w(o) = 6*o**2 - 30*o + 1. Let v(l) = l**2 - 6*l. Let m(q) = -11*v(q) + 2*w(q). What is m(-4)?
-6
Suppose 4*d + j = 2*j - 11, -26 = 4*d + 2*j. Let v(t) = -2*t - 5. What is v(d)?
3
Let w(z) = z - 3. Let k(l) = -l**2 + 21*l + 6. Let p be k(21). Give w(p).
3
Let f(u) be the second derivative of u + 0*u**3 + u**2 + 0 + 0*u**4 + 1/20*u**5. Calculate f(0).
2
Let x(r) = -r**3 - 5*r**2 - r - 4. Let d be x(-5). Let l be 1 - 1 - d - 0. Let g(f) = 9*f - 1. Determine g(l).
-10
Let a(b) = 3*b**2 + 25*b + 14. Let g(m) = -m**2 - 12*m - 7. Let j(d) = -2*a(d) - 5*g(d). Determine j(10).
7
Let m be (-6)/8*(-1 - (-4)/(-12)). Let q(f) = 7*f**2 + f. Give q(m).
8
Suppose 5*a + 3 = 4*i + 14, 2*a + 18 = -4*i. Let x(d) = -6*d**3 + 2*d**2 - 1. Give x(a).
7
Let r(g) = -g**3 + 7*g**2 - 5*g - 6. Suppose 4*j - 3*t = 84, 5*t + 19 = j - 2. Suppose 2*p + p + 4*b = 6, 0 = 2*p - 3*b - j. Calculate r(p).
0
Let p(n) = n**2 - 4*n + 4. Let h be p(4). Let s(x) = -x + 3. Let v be s(h). Let o(m) = -m**3 - m**2 + m + 1. Determine o(v).
0
Let x(s) = s**2 - 6*s - 4. Suppose 35 = 8*a - 21. Calculate x(a).
3
Let r = -10 - -7. Let p(n) = -5*n + 1 + 6*n - 4 + 1. Calculate p(r).
-5
Let z(h) be the first derivative of h**4/4 + 2*h**3/3 - h**2/2 + 2*h + 34. Determine z(-3).
-4
Suppose 5*o - 4*z - z + 25 = 0, -2*o + z - 7 = 0. Let t be (-1 - o)*(-10 + 13). Let y(a) = -3*a**3 - a**3 - 4 + t*a - a**2 + 3*a**3. Give y(-3).
5
Let b(d) be the second derivative of d**4/12 - 3*d**2/2 + 7*d. Suppose 3*j + j - 5*f = 27, -9 = 3*f. Give b(j).
6
Suppose 3*x - 5*r = -6, -4*r + 9*r - 24 = -3*x. Let s(g) = -g**3 + 2*g**2 + 4*g - 4. Give s(x).
-1
Let p(z) be the first derivative of -z**4/4 + z**3/3 + z**2/2 + 2. Let y be p(-1). Let o(d) = -6*d**2 - d. Give o(y).
-7
Let c(s) = -s + 4. Let k = 3 - -3. Let j be c(k). Let g(z) = 2*z + 1. What is g(j)?
-3
Let a(q) = 6*q**2 - 1. Suppose -5*u - 30 = 5*m, 5*m - 4*m - 4 = u. What is a(m)?
5
Let j(a) = a**3 - 7*a**2 + 5*a + 5. Suppose -23 = -l - 2*g - 9, 2*l + 5*g - 28 = 0. Let t = l - 8. Calculate j(t).
-1
Suppose 0*w + 4*w = 20. Let d = -4 + w. Let x(l) = -l. Calculate x(d).
-1
Let l = -103 + 209/2. Let a(s) be the second derivative of -s - 5/12*s**4 - 5/6*s**3 + 0 - l*s**2 - 1/20*s**5. Determine a(-4).
1
Let z(p) = -7*p - 17. Let g(y) = -6*y - 17. Let q(x) = -6*g(x) + 5*z(x). Calculate q(0).
17
Let q(y) = -y + 3. Let m be q(6). Let w(x) = -8*x**3 - 2*x + 13*x**3 - 4*x**3 + 2*x**2. What is w(m)?
-3
Let h(w) = -w - 3. Suppose 6*p = 4*p - 12. Determine h(p).
3
Let d(n) = -n**3 - 12 + 0*n + 20 + 2*n - 3*n + 10*n**2. What is d(10)?
-2
Suppose -p + 0*p = -3. Suppose -7 = -p*z - 1. Let o(h) = -1 + h**z - 7*h**2 - 2*h - 2*h**2. What is o(-1)?
-7
Let s be (9/(-4))/((-9)/24). Suppose 3*m - s = -0*m. Let p(w) = -m*w + w**2 - 6 + 2 - w. Determine p(5).
6
Let b(c) = -c**3 + c**2 - 1. Suppose -t - 2*t = 5*y - 11, -4 = -2*t. What is b(y)?
-1
Suppose -9*n + 4*n = 5. Let r(f) = f. Calculate r(n).
-1
Let c(t) = -t + 1. Suppose -2*p + 7 = -2*n - 9, -n + 5*p - 24 = 0. What is c(n)?
5
Let u(q) = q**2 - 7*q - 13. Let o be u(9). Let n(v) = -v**2 + 5*v - 4. What is n(o)?
-4
Suppose 12 = 5*i - 33. Suppose i*k = 10*k. Let y(j) = j**3 + j + 2. What is y(k)?
2
Let t(m) be the second derivative of 5/6*m**3 + 1/12*m**4 - m + 1/2*m**2 + 0. Let s(n) = -n**3 + 2*n**2 - n - 2. Let v be s(2). Determine t(v).
-3
Let i(q) be the third derivative of 0*q + 0 - 3*q**2 - 1/3*q**3 + 1/24*q**4. Give i(-5).
-7
Let g(z) be the second derivative of z**4/12 + z**3/3 - 2*z**2 - 4*z. Calculate g(3).
11
Let y = 1 - 2. Let s be 3*((2 - 2) + y). Let f(x) = x + 1. Let u(p) = 8*p + 6. Let q(h) = -6*f(h) + u(h). Determine q(s).
-6
Let q(g) = -2*g + 15. Suppose -3*v = -2*v - 3*x - 1, 0 = 5*v - 5*x - 35. Let p be q(v). Let z(t) be the first derivative of t**2/2 + t + 1. Determine z(p).
-4
Let p(z) = -z**3 - 7*z**2 + 2*z**2 + 0*z**2. Let c = 26 - 31. Calculate p(c).
0
Let c(l) be the third derivative of -l**8/20160 - l**7/1260 - l**6/240 + l**5/10 - 4*l**2. Let d(o) be the third derivative of c(o). What is d(-5)?
-8
Let h(v) = -v + 2. Let t(r) = -r + 2. Let o(d) = -6*h(d) + 7*t(d). Let n be -3 - (7 + (-3)/1). Let y = 4 + n. Determine o(y).
5
Let b(t) = t**3 - 2*t**2 - t + 1. Let q = 16 - 13. Suppose 2 = q*a - 4. Give b(a).
-1
Let l = 19 - 19. Let t(w) = w + 8. Calculate t(l).
8
Let g(h) = -h**3 + 5*h**2 + 7*h - 8. Let f be g(6). Let u be ((-3)/9)/(f/(-18)). Let m(l) = -l - 1. What is m(u)?
2
Let n = -34 - -29. Let p(s) = 3 - 7 - s + 1. Calculate p(n).
2
Suppose 0 = -0*y - 4*y. Let z(c) = -c**2 + 13*c - 7. Let s be z(12). Let m(h) = -5*h**2 - 6*h + s + 6*h**2 + 0 + 5*h. Determine m(y).
5
Let a(z) = 3*z**3 + 18*z**2 - 7*z + 11. Let f(c) = c**3 + 6*c**2 - 2*c + 4. Let i(o) = -2*a(o) + 7*f(o). Calculate i(-6).
6
Let h = 159 - 154. Let j(b) = b - 3. Calculate j(h).
2
Let a(i) = i**3 - 2*i**2 - 2*i - 1. Let h be a(-1). Let x(j) = -j + 1. What is x(h)?
3
Let c = 10 - -1. Suppose 9*x - 4*x = -a - 19, -5*a - 4*x - c = 0. Let v(u) = 5*u**2 - 1. Calculate v(a).
4
Let f(s) = s + 1. Suppose 1 = -n + 3. Suppose -d - 1 - n = 0. Give f(d).
-2
Suppose -4*n - 20 = 4*y - 7*n, -3*y + 2*n = 15. Let j(t) = t. Let v(h) = 2*h. Let d(s) = -3*j(s) + v(s). Calculate d(y).
5
Let r(i) = 37*i**2 - 36*i**2 + 3*i - 4*i. Give r(2).
2
Let l(k) = 2*k + 15. Let u = -87 + 76. What is l(u)?
-7
Let d(k) = 10*k - 1. Let t(z) = 38*z - 6. Let i(h) = 19*h - 3. Let b(y) = 7*i(y) - 3*t(y). Let o